8 - (-10)/4. What is the units digit of j/(-2) - (-158)/g?
8
Suppose 0 = -5*z - 25, 2*z = -0*x - 3*x - 4. Suppose 0*w = 5*i - 2*w - 900, 718 = 4*i - x*w. What is the tens digit of i?
8
Let f be ((-25)/(-15))/((-3)/(-54)). Let m = -30 + f. Suppose -2*p + 42 + 62 = m. What is the units digit of p?
2
Let a(l) = -7*l - 3. Suppose -26*r - 33 = -23*r. What is the tens digit of a(r)?
7
Suppose -2*w = -3*c + 594 + 566, -5*c + 4*w = -1930. What is the hundreds digit of c?
3
What is the units digit of (147/14)/((-2)/(-68))?
7
Let u = -8 + 14. Suppose -3*k + 2*n = -5, -k + 5*n + u = -0*k. What is the units digit of k?
1
Let c(b) = 13*b**2 + 10*b - 40. What is the hundreds digit of c(-10)?
1
Let v(y) = -y**2 - 4*y - 4. Let x(w) = -w**2 - 4*w - 3. Let a(u) = 4*v(u) - 5*x(u). Let c be a(-5). Let p(g) = g**2 - 2*g + 4. What is the tens digit of p(c)?
1
Let f be (36/7)/(9/42). What is the tens digit of 482/6 + -2*4/f?
8
Suppose 5*q = 14 + 71. Suppose -d + 5*w = 27 + q, -5*d - 268 = -w. Let n = 92 + d. What is the tens digit of n?
3
Let w be (285/(-20))/(9/24). Let j = 36 + w. What is the units digit of j/(-9) - (-3133)/117?
7
Let t(l) = 2*l**2 - 2*l + 11. Let d be t(9). Suppose 29 = b - 4*x, -4*b - 5*x = -b - d. What is the units digit of b?
5
Let k(b) = b**2 + 4*b + 1. Let g be k(-3). Let r(n) = -5*n - 4. Let u be r(g). Let i(y) = y**2 - y + 3. What is the units digit of i(u)?
3
Suppose 0*h = -3*h + 27. Let u(y) = 2 + 0*y**2 + 10*y + 2 - y**2. What is the tens digit of u(h)?
1
Let s = 6 + -10. Suppose 0 = -5*g + 2*q - 14, -3*g = -0*q - q + 8. Let h = g - s. What is the units digit of h?
2
Suppose -f - 7 = -7. Let d(b) = b**2 - 2*b + 141. What is the tens digit of d(f)?
4
Suppose 5*q + 23 = q + n, n + 7 = -2*q. What is the tens digit of (3 + 22)*(-7)/q?
3
Let u(f) = -2*f**2 - 13 + 3 + f**2 + 2*f + 2*f**2. Let n be u(13). What is the units digit of n/15 + (-4)/(-6)?
3
Let g = -213 + 612. What is the tens digit of g?
9
Suppose -7 = -4*w - 3. What is the tens digit of 1202/8 - w/12*3?
5
Let i(y) = y**2 + 5*y - 8. Let m be i(-10). Let q = m - 17. Suppose -b - u + 19 = -0*b, 4*u = -b + q. What is the tens digit of b?
1
Suppose 0 = -970*h + 966*h + 644. What is the hundreds digit of h?
1
Let n be (-2 + 1)*2 + 6. Suppose -n*c + 10 = 3*t - 5*t, -5*c = -5*t - 25. Let y(p) = p**3 + 6*p**2 - 4. What is the tens digit of y(t)?
2
Suppose 5*p - 2*f - 1204 - 224 = 0, 0 = p + 4*f - 268. Let a = 446 - p. What is the hundreds digit of a?
1
Let q(y) = -26*y - 316. What is the tens digit of q(-53)?
6
Suppose -u - 16 + 4 = -2*m, -2*u = 4. Suppose 3*v = 2*a, -m*v + 3*a + 5 = 4. Suppose -4*i = -2*n + n + 22, -v*i = -5*n + 164. What is the tens digit of n?
3
Let z = 5457 - 2396. What is the tens digit of z?
6
Suppose 1320*r - 1332*r = -3096. What is the units digit of r?
8
Suppose 0 = -64*i + 7286 + 201546. What is the units digit of i?
3
What is the units digit of -12 - (-882)/72 - (-10078)/8?
0
Suppose 3*n - 921 = 3*x, 8*n + 2*x - 1252 = 4*n. What is the units digit of n?
1
Suppose 0 = y + 3*j - 1773, -22*y + 18*y + 2*j + 7134 = 0. What is the hundreds digit of y?
7
Suppose 9 = 2*n - 1. What is the tens digit of (n - 20)*150/(-9)?
5
Let m(f) = 8 + 7*f + 8*f**2 + 6*f**2 - 3. Let p(g) = -g**3 + 70*g**2 + 35*g + 26. Let r(y) = 11*m(y) - 2*p(y). What is the units digit of r(-6)?
3
Let f(c) = -c**2 + 13*c - 7. Let m be (15/(-20))/(2/24). Let u = m - -19. What is the units digit of f(u)?
3
Suppose 2*a = -j + 8, -a + 14 = j + 2*j. Suppose -h + 7 = b, -3*b + a*b + 27 = 5*h. Suppose 0 = -2*m + 42 - b. What is the tens digit of m?
2
Let x(n) = 2*n**2 + 19*n - 10. Let v be x(-10). Suppose v = -3*i + 2*p + 28, 0*i - p - 8 = -i. What is the units digit of i?
2
Let s(d) = 15 - 1 - 7 + 1 + d. Let l(f) = -f**3 + 3*f**2 + 2*f + 2. Let v be l(3). What is the units digit of s(v)?
6
Suppose -m + 5078 = 4*j, 16*j + 3818 = 19*j - 4*m. What is the thousands digit of j?
1
Suppose 0 = -4*a + s + 10168, -10 = 2*s - 2. What is the tens digit of a?
4
Let l(j) = -3 + 7*j + 17 - 10. What is the units digit of l(2)?
8
Let k = 453 - 193. Suppose -12*b = -8*b - k. What is the tens digit of b?
6
Let p(v) = -3*v**3 + 27*v**2 - 21*v - 30. Let d(f) = -f**3 + 9*f**2 - 7*f - 10. Let o(m) = -8*d(m) + 3*p(m). What is the tens digit of o(6)?
5
What is the units digit of ((-32)/120*-5)/(2/123)?
2
What is the units digit of ((-24)/14)/((-112)/1176)?
8
Let c be 1*-1*(-8)/(-1). Suppose 5*o - 7*t + 3*t = -91, 3*o + 29 = -4*t. Let p = c - o. What is the units digit of p?
7
Suppose r + 1 + 8879 = 5*y, 5*y - 2*r - 8885 = 0. What is the units digit of y?
5
Suppose 7*y - 140 = 2*y. Let a(k) = -2*k - 4. Let b be a(-3). Suppose b*s + o = y, 4*s - 2*o - 50 = -o. What is the units digit of s?
3
Let g(i) = 54*i**2 + 3*i + 27. What is the hundreds digit of g(-6)?
9
Let t be -5*(-4 - 252/5). Suppose p + t = 5*p. What is the tens digit of p?
6
Suppose 4*q + a + 3*a = 1404, 0 = 5*q - 5*a - 1775. What is the hundreds digit of q?
3
What is the units digit of (-43355)/(-13) + -9 - -1?
7
Let j = 1209 + 63. What is the hundreds digit of j?
2
Let j(q) = 2*q + 7. Let h(u) = -5*u**2 - 8*u + 3. Let b(d) = -d**2. Let i(o) = 6*b(o) - h(o). Let f be i(5). What is the tens digit of j(f)?
3
Suppose 5*z = 4*y - 2 - 13, 3*z + 9 = -3*y. Suppose 8*m + y*m - 712 = 0. What is the units digit of m?
9
Let u(h) = -31*h + 4. Let f be ((-8)/24)/(((-8)/6)/(-4)). What is the units digit of u(f)?
5
Let l = 1 + -5. Let g be 13 + l + (8 - 1). Suppose -3*n = 2*x - 0*x - 72, -2*x = -n + g. What is the units digit of n?
2
Let g(f) = 3190*f**2 + 19*f. What is the tens digit of g(-1)?
7
Let g(c) = 2*c**3 - 2*c**2 - 2*c + 3. Suppose -q = -0*q. Let a be 4/6*(q - -3). What is the units digit of g(a)?
7
Suppose 5*a + v = 714, -5*v - 336 = 5*a - 1066. What is the tens digit of a?
4
Suppose -5*q + 1675 - 627 = 3*r, -2*q + 416 = -2*r. What is the units digit of q?
9
Suppose 34*j = -30*j + 149824. What is the hundreds digit of j?
3
What is the units digit of (-8)/10 + (392/(-40))/(-1)?
9
Suppose -9*j + 8 = -5*j. Suppose -2*t + j*z - 134 = -340, -t + 88 = 4*z. What is the hundreds digit of t?
1
Suppose -2*o + 125 = -2*p - o, -4*o = 5*p + 306. What is the units digit of (-1*(4 + 1) + 4)*p?
2
Suppose 2164 = -602*u + 604*u. What is the hundreds digit of u?
0
Let f(b) = 371*b - 85. What is the tens digit of f(5)?
7
Suppose 6*b = 2*b + 12. Suppose -l = b*l - 400. Suppose 60 = 4*o - l. What is the units digit of o?
0
Let y(a) = -7*a + 5 + a - a. What is the tens digit of y(-2)?
1
Suppose -y + 1807 = 3*z + 555, 4*z - y = 1667. What is the tens digit of z?
1
Let z be (-41 - (6 - 1)) + 3 + 1. What is the tens digit of ((-36)/z)/((-4)/(-84))?
1
Let a be (-4)/((-9)/((-135)/(-20))). Suppose -a*j = -5*i - 162 + 52, -5*j = 5*i - 250. What is the units digit of j?
5
Let k(m) = 3*m**3 + 6*m**2 - 7*m + 2. Let a(l) = -4*l**3 - 5*l**2 + 6*l - 2. Let c(q) = 4*a(q) + 5*k(q). What is the tens digit of c(8)?
4
Suppose -23*b - 41*b = -142144. What is the tens digit of b?
2
Suppose -11*d + 6*d - 872 = -4*n, 4*n - 2*d - 872 = 0. What is the hundreds digit of n?
2
Suppose 3*s = -0*s + 2*m - 94, -4*m + 104 = -3*s. Let v = s - -41. Let d = 14 - v. What is the units digit of d?
1
Let q(h) = -h**3 + 15*h**2 + 4*h - 20. Let l be (-6)/(18/(-33)) + 4. What is the units digit of q(l)?
0
Let h be (12/(-3) + -26)/(-2). Suppose 2390 = h*v - 5*v. What is the tens digit of v?
3
Let s(m) = m**2 + 4*m + 3. Let h be s(-2). Let x be 27 - -3*(0 + h). Suppose -x = -n - n. What is the tens digit of n?
1
Let g = 3 - 3. Suppose g = 5*x - 3 - 12. What is the units digit of 2*x/(-6) - -25?
4
Suppose -19*m + 21455 + 27052 = 0. What is the tens digit of m?
5
Let d = 7150 - 4862. What is the units digit of d?
8
Let i(q) = -3*q**2 - 10*q + 7. Let b be i(-4). What is the tens digit of 1*b*(-42 - 11)?
5
Suppose -2*l - 4*l + 720 = 0. Suppose 0 = -y + 5, -4*y = -2*w + l + 30. What is the units digit of w?
5
Suppose -14 = 2*a - 2*o, -a + 4*o - 9 = 2*o. Let f(d) = 55*d + 15. Let x(i) = 37*i + 10. Let j(w) = a*f(w) + 7*x(w). What is the units digit of j(-2)?
7
Suppose -3*c - o = -c + 49, -5*o - 5 = 0. Let r = -42 - c. Let t = r - -57. What is the units digit of t?
9
Let l(k) = k**3 - 14*k**2 + 72*k + 25. What is the units digit of l(21)?
4